w - 4. Suppose t*y + 3*x - 16290 = -3*y, -3*x - 5442 = -y. Is y a prime number?
False
Let t(r) = 24*r**2 + 3*r - 82. Is t(-17) a composite number?
False
Is (-6)/((-42)/6839)*7 + 2 composite?
False
Let f = 22147 - 12858. Is f prime?
False
Let u(b) be the first derivative of b**5/30 + 7*b**4/24 - 13*b**3/6 - b**2/2 - 1. Let f(a) be the second derivative of u(a). Is f(10) composite?
False
Suppose -9*l + 178946 + 185185 = 0. Is l prime?
True
Suppose 0 = -2*y - 3*p + 1610, -6*p - 3176 = -4*y - p. Is y composite?
True
Suppose -o + 4*c = -2*o + 16, 17 = 5*o - c. Is (-8507)/(-4) - o/(-16) a composite number?
True
Suppose 0 = 2*z - 5*l - 336 - 593, 3*z - 4*l - 1404 = 0. Suppose z = 4*x - 1300. Let o = 744 - x. Is o composite?
True
Let h be (56/(-21))/(-1*1/3). Is (-1*1977)/((-12)/h) + 1 prime?
True
Let t be -6*(-1 + 4/8). Suppose 3*v - 477 = -t*d - 0*v, 4*v - 792 = -5*d. Suppose d = w - 93. Is w composite?
True
Is -93*7626/(-20) - (-82)/820 a prime number?
True
Let u(s) = 182*s**3 + 3*s**2 + 6*s + 5. Let y be u(-3). Let b = -2747 - y. Is b prime?
True
Let m(q) = -q**3 - 4*q**2 + 5*q + 6. Let y be m(-5). Let p be 232/(-3*(-2)/y). Let w = 569 - p. Is w composite?
False
Suppose 14 = s + 2*i, -3*s + i = -3*i - 12. Suppose 3*z = -z - 2*m - 544, -4*m = s. Let n = z - -224. Is n composite?
False
Let q(s) = -4*s + 32. Let h be q(7). Suppose -1628 = -3*p - 4*j - j, -3*p = -h*j - 1673. Is p a composite number?
True
Let l(i) be the first derivative of 9*i**4/4 - 10*i**3/3 + 4*i**2 + 3*i - 48. Is l(4) a prime number?
False
Suppose -10*t + 38*t + 9016 = 0. Let k = -1 + 0. Let v = k - t. Is v a prime number?
False
Let k(c) be the third derivative of -11*c**2 + 0*c + 0 + 17/24*c**4 + 0*c**3. Is k(11) a composite number?
True
Suppose 3*y - 12 = -0, -b = 4*y - 13593. Is b prime?
True
Let j(v) = v + 2 + 166*v**2 + 2*v - 4 - 6*v. Let m be j(-2). Let x = m - 419. Is x a prime number?
False
Suppose p = 5*z - 22, -5*z + 6 = -2*p - 13. Suppose -2*m = 2*s - p*s + 3831, s + 3*m - 3836 = 0. Is s a composite number?
False
Is ((-117426)/27)/((-68)/306) a prime number?
True
Suppose -4194 = -4*z + 390. Is (-1)/(3 - z/381) composite?
False
Suppose 0 = -b - 2*b + 2*q - 359, 3*b + 367 = -2*q. Let w = b + 332. Is w composite?
False
Suppose -4*g - 4*p = -558 + 1606, 5 = p. Suppose 5*r - 925 = 5*a, 0 = a + 5*r + 202 + 13. Let c = a - g. Is c prime?
False
Let v = 132116 - 91423. Is v a prime number?
True
Let t be (5/(-2) - -2) + 172/8. Is ((-413)/t)/((-2)/6) prime?
True
Let w = 52 + 3. Suppose -4*d - 33 = w. Is 730/22 + 4/d a composite number?
True
Suppose 0*c + 31089 = 3*s + 3*c, 31085 = 3*s - c. Suppose -3*j - s = -9*j. Is j prime?
False
Suppose 0 = -2*a - 5 - 27. Is 4*((-2580)/a + -1) prime?
True
Let m(z) = 4 - 21*z + 1 + 43*z. Let c be m(4). Suppose 4 = 2*i, 3*n - 2*n - i = c. Is n composite?
True
Is (5/(-50))/((-1)/5)*3118 prime?
True
Let l = -35 - -37. Let d(f) = 144*f**3 + f**2 - 2. Is d(l) composite?
True
Let z(g) = g**2 - 7*g - 8. Let a be z(8). Let d = 11 + a. Suppose -d = t - 32. Is t a prime number?
False
Let s(v) be the third derivative of 7*v**4/6 - v**3 + 5*v**2. Let j be s(4). Suppose -2*g = -32 - j. Is g composite?
True
Suppose -3*k - 3*r + 31188 = 0, -7*r = 2*k - 6*r - 20797. Is k prime?
False
Let h(j) = -639*j + 2. Let r be 1*6/4*4. Let u = 5 - r. Is h(u) composite?
False
Suppose 2*m - 2*a + a - 3 = 0, 4*a = 4. Suppose -4*t - m*b + 5236 = -1384, 4*t = 3*b + 6640. Is t prime?
True
Let f(h) = -3 + 261*h**2 + 109*h**2 + 22*h**2 + 2. Is f(1) composite?
True
Let p = 34650 - 18217. Is p a composite number?
False
Let w = 18361 + 22920. Is w a prime number?
True
Let t = -7 - -2. Let p(m) be the second derivative of -5*m**3 + 7*m**2/2 + 27*m. Is p(t) a composite number?
False
Let u = 1965 - 1402. Is u prime?
True
Let w(l) be the third derivative of l**6/72 + l**5/40 - l**4/24 - l**3/2 + 12*l**2. Let c(k) be the first derivative of w(k). Is c(-6) composite?
True
Let s(k) = k**3 + 13*k**2 - 75*k + 8. Is s(-15) a prime number?
True
Let h = 26079 + -11678. Is h composite?
False
Let o(k) = k**2 - 4*k - 2. Let t be o(5). Suppose -2*h = -h - p - 24, 0 = -t*h - 5*p + 32. Is h a composite number?
False
Let m = -8 + 36. Suppose -m*d = -23*d - 5695. Is d a prime number?
False
Suppose 0 = -6*v + 3*v + 9. Suppose 2*j = -5*l + 21, v*l + 6 = 5*j - 0*l. Suppose n - a - 133 = 4, -414 = -j*n + 4*a. Is n prime?
False
Suppose -13*i + 21*i = -1392. Is (-18035)/(-17) - (5 + i/34) composite?
False
Suppose 3*j + u + 0*u = -2, j - 6 = 3*u. Suppose 4*w + 4*y - 682 = 2*w, 5*w + 4*y - 1693 = j. Is w composite?
False
Let q = -16 - -17. Is (-1)/(3030/758 - 3 - q) a composite number?
False
Let j(d) = 4665*d**2 - 7*d - 13. Is j(-2) a composite number?
False
Let w(f) = f + 12. Let z be w(-8). Let u(s) = 15*s**3 + 7*s**2 - 5. Is u(z) composite?
True
Let z(g) = -39*g - 34. Let m(q) = 19*q + 17. Let c(p) = 7*m(p) + 3*z(p). Is c(12) a composite number?
True
Suppose 5*i + 2*u - 823 = 4*i, 0 = 4*u - 4. Is i a composite number?
False
Let a(t) = 3*t**3 - 6*t**2 - 6*t + 7. Let r(x) = -8*x**3 + 17*x**2 + 18*x - 21. Let w(o) = 11*a(o) + 4*r(o). Is w(6) a composite number?
False
Let t = -48 + 54. Suppose t*x - 1304 = 4102. Is x prime?
False
Let j(h) = 1809*h**2 - 4*h + 1. Is j(2) composite?
False
Suppose 0 = -5*u - 5*g + 2976 + 5619, 3*u + 5*g = 5153. Is u a composite number?
False
Suppose d - 4*a - 4202 = 6519, -10733 = -d - 2*a. Is d a composite number?
False
Suppose -4*l = -5*l + 3793. Let r = l + -1214. Is r composite?
False
Let q be (2954/21)/(2/3). Suppose 2*c + q = 3*c. Is c a composite number?
False
Let y = 17 - 27. Let u(p) = p**3 + 17*p**2 + 2*p - 4. Let t be u(y). Let r = t + -175. Is r prime?
False
Let g = -2153 + 3590. Is g prime?
False
Suppose -5*l - 20804 = -4*s, 0 = -2*s - 6*l + 2*l + 10402. Is s a prime number?
False
Suppose -5*b = 8 - 23, 5*y + 8 = b. Let c(t) = -4291*t. Is c(y) a composite number?
True
Let q(f) = -3*f**3 + 4*f**2 + f - 5. Let d be 3/2*(-5 - -3). Let i = d + 0. Is q(i) composite?
False
Suppose -5*s = 27 + 488. Let o = 168 + s. Is o prime?
False
Suppose -4*d + 18 = -2. Suppose 2*n = -5*p + 5000, 4*n = -d*p + 3*p + 1984. Suppose -m = 5*m - p. Is m a prime number?
True
Let v be (215/(-20) - 0)*-16. Suppose -v = o - 1035. Is o a prime number?
True
Is (-75)/(-45) + 99688/12 prime?
False
Let n(z) = 5869*z**2 - 16*z - 40. Is n(-3) a composite number?
True
Let h(l) = -4*l + 6. Let n(y) = 15*y - 23. Let q(r) = 22*h(r) + 6*n(r). Let w be q(4). Suppose -w*f - 3*f + 335 = 0. Is f a prime number?
True
Suppose 396 = 2*m - 212. Let d = m + 27. Is d a prime number?
True
Suppose -v + 111 = -555. Let q = 593 + v. Is q a composite number?
False
Let u(m) = -1047*m + 29. Let z be u(-6). Suppose 18594 + z = 17*h. Is h a composite number?
True
Suppose 0 = 2*i - 5*m + 1346 + 1047, 4*m = -3*i - 3555. Let p = -358 - i. Is p a prime number?
False
Let q = 4477 + -3039. Suppose -10*s + 8*s = -q. Is s prime?
True
Let u be (3 - -380) + 5 + -3. Suppose 3*y = 2*x - u, 4*x - 765 = 4*y + y. Is x composite?
True
Suppose 1 = 5*d - 2*s, 0*s - 6 = -3*s. Let f(t) = 157*t**2 + 2*t - 2. Is f(d) a composite number?
False
Let c(y) = -y**3 + 30*y**2 - 38*y + 119. Is c(28) a prime number?
False
Let x = 8 + -8. Suppose x = -2*t - 5*t + 1162. Is t a prime number?
False
Let v(i) = -1038*i - 35. Is v(-13) a composite number?
True
Let m(z) = 194*z + 14. Let w(j) = -171*j - 12. Let c(v) = -43*v - 3. Let p(x) = -15*c(x) + 4*w(x). Let u(k) = 2*m(k) + 11*p(k). Is u(-3) a prime number?
False
Is 10 + -3*(-190348)/12 a prime number?
False
Let f(p) = -185*p - 46. Is f(-9) a composite number?
False
Let r = 20 + -45. Let x be ((-55)/r + -3)*-1180. Let g = 1623 - x. Is g prime?
False
Let v = -11 + 13. Suppose -r = v*r. Suppose 5*a - 3188 + 233 = r. Is a a composite number?
True
Suppose -q = 4*q - 10. Suppose 29 = 36*g - 43. Suppose q*j + g*j + 4*h = 1476, -2 = h. Is j a composite number?
True
Suppose 5*p = 41*p - 105156. Is p a composite number?
True
Suppose 58533 - 23798 = 5*y. Is y a composite number?
False
Suppose -2*r + 3*n = -23, 0 = 4*r - r - 5*n - 37. Suppose r*v = 960 + 308. Is v composite?
False
Suppose -15145 - 5465 = -2*y - 4*d, 30909 = 3*y + 3*d. Is y composite?
False
Let g be (-4)/(-6) + -2 + (-1460720)/(-15). Is (-4)/(-14) - g/(-6